{"id":55,"date":"2021-01-29T22:51:24","date_gmt":"2021-01-29T22:51:24","guid":{"rendered":"http:\/\/gepmaintenance.com\/?page_id=55"},"modified":"2025-05-06T13:10:51","modified_gmt":"2025-05-06T13:10:51","slug":"contactos","status":"publish","type":"page","link":"https:\/\/gepmaintenance.com\/index.php\/contactos\/","title":{"rendered":"Contactos"},"content":{"rendered":"\n<p>Ing Carlos Alonso Carre\u00f1o B<\/p>\n\n\n\n<p>M\u00f3vil -whatsapp 3008218286<\/p>\n\n\n\n<p>M\u00f3vil &#8211; Whatsapp  3106079097<\/p>\n\n\n\n\n\n<ul class=\"wp-block-social-links is-layout-flex wp-block-social-links-is-layout-flex\">\n\n<\/ul>\n","protected":false},"excerpt":{"rendered":"<p>Ing Carlos Alonso Carre\u00f1o B M\u00f3vil -whatsapp 3008218286 M\u00f3vil &#8211; Whatsapp 3106079097<\/p>\n","protected":false},"author":1,"featured_media":0,"parent":0,"menu_order":0,"comment_status":"closed","ping_status":"closed","template":"","meta":{"footnotes":""},"class_list":["post-55","page","type-page","status-publish","hentry"],"_links":{"self":[{"href":"https:\/\/gepmaintenance.com\/index.php\/wp-json\/wp\/v2\/pages\/55","targetHints":{"allow":["GET"]}}],"collection":[{"href":"https:\/\/gepmaintenance.com\/index.php\/wp-json\/wp\/v2\/pages"}],"about":[{"href":"https:\/\/gepmaintenance.com\/index.php\/wp-json\/wp\/v2\/types\/page"}],"author":[{"embeddable":true,"href":"https:\/\/gepmaintenance.com\/index.php\/wp-json\/wp\/v2\/users\/1"}],"replies":[{"embeddable":true,"href":"https:\/\/gepmaintenance.com\/index.php\/wp-json\/wp\/v2\/comments?post=55"}],"version-history":[{"count":4,"href":"https:\/\/gepmaintenance.com\/index.php\/wp-json\/wp\/v2\/pages\/55\/revisions"}],"predecessor-version":[{"id":303,"href":"https:\/\/gepmaintenance.com\/index.php\/wp-json\/wp\/v2\/pages\/55\/revisions\/303"}],"wp:attachment":[{"href":"https:\/\/gepmaintenance.com\/index.php\/wp-json\/wp\/v2\/media?parent=55"}],"curies":[{"name":"wp","href":"https:\/\/api.w.org\/{rel}","templated":true}]}}